{"id":5799,"date":"2023-06-22T16:20:01","date_gmt":"2023-06-22T20:20:01","guid":{"rendered":"https:\/\/carefor.ca\/team-members\/jason-samson\/"},"modified":"2023-11-20T03:22:22","modified_gmt":"2023-11-20T08:22:22","slug":"jason-samson","status":"publish","type":"team-member","link":"https:\/\/carefor.ca\/fr\/team-members\/jason-samson\/","title":{"rendered":"Jason Samson"},"content":{"rendered":"\n<p><strong>Jason Samson<\/strong> est le directeur des services communautaires et des soins palliatifs de Carefor.\u00a0\u00a0<\/p>\n\n\n\n<p>Il s\u2019est joint \u00e0 Carefor en qualit\u00e9 de gestionnaire de la Maison de soins palliatifs de Cornwall en juillet 2013 pour soutenir le personnel infirmier, param\u00e9dical et m\u00e9dical, ainsi que l\u2019\u00e9quipe de b\u00e9n\u00e9voles. Il a encadr\u00e9 avec succ\u00e8s le personnel et les b\u00e9n\u00e9voles lors de deux processus d\u2019agr\u00e9ment, en plus d\u2019\u00e9tendre l\u2019offre de services de proximit\u00e9 de la Maison de soins palliatifs. En outre, il a mis au point un syst\u00e8me de triage et de recommandation dot\u00e9 \u00e0 la fois d\u2019un outil de gestion de cas et d\u2019un outil d\u2019intervention rapide en soins infirmiers.<\/p>\n\n\n\n<p>Jason a obtenu son baccalaur\u00e9at avec distinction en sciences infirmi\u00e8res \u00e0 l\u2019Universit\u00e9 d\u2019Ottawa. Il d\u00e9tient \u00e9galement un certificat en gestion de projets et une ceinture noire du programme LEAN et Sigma Six. Il a commenc\u00e9 sa carri\u00e8re en oncologie, en h\u00e9matologie et en soins palliatifs \u00e0 l\u2019H\u00f4pital d\u2019Ottawa, ainsi qu\u2019aupr\u00e8s d\u2019organismes communautaires \u00e0 titre de consultant en soins palliatifs. Au cours des 16 derni\u00e8res ann\u00e9es, Jason a \u0153uvr\u00e9 dans l\u2019administration des soins de sant\u00e9 dans les secteurs hospitalier et communautaire.<\/p>\n","protected":false},"excerpt":{"rendered":"<p>Jason Samson est le directeur des services communautaires et des soins palliatifs de Carefor.\u00a0\u00a0 Il s\u2019est joint \u00e0 Carefor en qualit\u00e9 de gestionnaire de la Maison de soins palliatifs de [&hellip;]<\/p>\n","protected":false},"author":1,"featured_media":4747,"menu_order":0,"template":"","class_list":["post-5799","team-member","type-team-member","status-publish","has-post-thumbnail","hentry"],"acf":[],"yoast_head":"<!-- This site is optimized with the Yoast SEO Premium plugin v24.9 (Yoast SEO v27.5) - https:\/\/yoast.com\/product\/yoast-seo-premium-wordpress\/ -->\n<title>Jason Samson - Carefor<\/title>\n<meta name=\"robots\" content=\"index, follow, max-snippet:-1, max-image-preview:large, max-video-preview:-1\" \/>\n<link rel=\"canonical\" href=\"https:\/\/carefor.ca\/fr\/team-members\/jason-samson\/\" \/>\n<meta property=\"og:locale\" content=\"fr_FR\" \/>\n<meta property=\"og:type\" content=\"article\" \/>\n<meta property=\"og:title\" content=\"Jason Samson\" \/>\n<meta property=\"og:description\" content=\"Jason Samson est le directeur des services communautaires et des soins palliatifs de Carefor.\u00a0\u00a0 Il s\u2019est joint \u00e0 Carefor en qualit\u00e9 de gestionnaire de la Maison de soins palliatifs de [&hellip;]\" \/>\n<meta property=\"og:url\" content=\"https:\/\/carefor.ca\/fr\/team-members\/jason-samson\/\" \/>\n<meta property=\"og:site_name\" content=\"Carefor\" \/>\n<meta property=\"article:publisher\" content=\"https:\/\/www.facebook.com\/CareforHCS\" \/>\n<meta property=\"article:modified_time\" content=\"2023-11-20T08:22:22+00:00\" \/>\n<meta property=\"og:image\" content=\"https:\/\/carefor.ca\/wp-content\/uploads\/2023\/06\/carefor0137-final-scaled.jpg\" \/>\n\t<meta property=\"og:image:width\" content=\"2560\" \/>\n\t<meta property=\"og:image:height\" content=\"1708\" \/>\n\t<meta property=\"og:image:type\" content=\"image\/jpeg\" \/>\n<meta name=\"twitter:card\" content=\"summary_large_image\" \/>\n<meta name=\"twitter:site\" content=\"@CareforHCS\" \/>\n<meta name=\"twitter:label1\" content=\"Dur\u00e9e de lecture estim\u00e9e\" \/>\n\t<meta name=\"twitter:data1\" content=\"1 minute\" \/>\n<script type=\"application\/ld+json\" class=\"yoast-schema-graph\">{\"@context\":\"https:\\\/\\\/schema.org\",\"@graph\":[{\"@type\":\"WebPage\",\"@id\":\"https:\\\/\\\/carefor.ca\\\/fr\\\/team-members\\\/jason-samson\\\/\",\"url\":\"https:\\\/\\\/carefor.ca\\\/fr\\\/team-members\\\/jason-samson\\\/\",\"name\":\"Jason Samson - Carefor\",\"isPartOf\":{\"@id\":\"https:\\\/\\\/carefor.ca\\\/fr\\\/#website\"},\"primaryImageOfPage\":{\"@id\":\"https:\\\/\\\/carefor.ca\\\/fr\\\/team-members\\\/jason-samson\\\/#primaryimage\"},\"image\":{\"@id\":\"https:\\\/\\\/carefor.ca\\\/fr\\\/team-members\\\/jason-samson\\\/#primaryimage\"},\"thumbnailUrl\":\"https:\\\/\\\/carefor.ca\\\/wp-content\\\/uploads\\\/2023\\\/06\\\/carefor0137-final-scaled.jpg\",\"datePublished\":\"2023-06-22T20:20:01+00:00\",\"dateModified\":\"2023-11-20T08:22:22+00:00\",\"breadcrumb\":{\"@id\":\"https:\\\/\\\/carefor.ca\\\/fr\\\/team-members\\\/jason-samson\\\/#breadcrumb\"},\"inLanguage\":\"fr-FR\",\"potentialAction\":[{\"@type\":\"ReadAction\",\"target\":[\"https:\\\/\\\/carefor.ca\\\/fr\\\/team-members\\\/jason-samson\\\/\"]}]},{\"@type\":\"ImageObject\",\"inLanguage\":\"fr-FR\",\"@id\":\"https:\\\/\\\/carefor.ca\\\/fr\\\/team-members\\\/jason-samson\\\/#primaryimage\",\"url\":\"https:\\\/\\\/carefor.ca\\\/wp-content\\\/uploads\\\/2023\\\/06\\\/carefor0137-final-scaled.jpg\",\"contentUrl\":\"https:\\\/\\\/carefor.ca\\\/wp-content\\\/uploads\\\/2023\\\/06\\\/carefor0137-final-scaled.jpg\",\"width\":2560,\"height\":1708,\"caption\":\"Carefor Health and Community Services staff portraits in Ottawa March 8, 2022. Photograph by Blair Gable\"},{\"@type\":\"BreadcrumbList\",\"@id\":\"https:\\\/\\\/carefor.ca\\\/fr\\\/team-members\\\/jason-samson\\\/#breadcrumb\",\"itemListElement\":[{\"@type\":\"ListItem\",\"position\":1,\"name\":\"Home\",\"item\":\"https:\\\/\\\/carefor.ca\\\/fr\\\/\"},{\"@type\":\"ListItem\",\"position\":2,\"name\":\"Team Members\",\"item\":\"https:\\\/\\\/carefor.ca\\\/fr\\\/team-members\\\/\"},{\"@type\":\"ListItem\",\"position\":3,\"name\":\"Jason Samson\"}]},{\"@type\":\"WebSite\",\"@id\":\"https:\\\/\\\/carefor.ca\\\/fr\\\/#website\",\"url\":\"https:\\\/\\\/carefor.ca\\\/fr\\\/\",\"name\":\"Carefor\",\"description\":\"High Quality Homecare\",\"publisher\":{\"@id\":\"https:\\\/\\\/carefor.ca\\\/fr\\\/#organization\"},\"potentialAction\":[{\"@type\":\"SearchAction\",\"target\":{\"@type\":\"EntryPoint\",\"urlTemplate\":\"https:\\\/\\\/carefor.ca\\\/fr\\\/?s={search_term_string}\"},\"query-input\":{\"@type\":\"PropertyValueSpecification\",\"valueRequired\":true,\"valueName\":\"search_term_string\"}}],\"inLanguage\":\"fr-FR\"},{\"@type\":\"Organization\",\"@id\":\"https:\\\/\\\/carefor.ca\\\/fr\\\/#organization\",\"name\":\"Carefor Health and Community Services\",\"url\":\"https:\\\/\\\/carefor.ca\\\/fr\\\/\",\"logo\":{\"@type\":\"ImageObject\",\"inLanguage\":\"fr-FR\",\"@id\":\"https:\\\/\\\/carefor.ca\\\/fr\\\/#\\\/schema\\\/logo\\\/image\\\/\",\"url\":\"\",\"contentUrl\":\"\",\"caption\":\"Carefor Health and Community Services\"},\"image\":{\"@id\":\"https:\\\/\\\/carefor.ca\\\/fr\\\/#\\\/schema\\\/logo\\\/image\\\/\"},\"sameAs\":[\"https:\\\/\\\/www.facebook.com\\\/CareforHCS\",\"https:\\\/\\\/x.com\\\/CareforHCS\",\"https:\\\/\\\/www.linkedin.com\\\/company\\\/carefor-health-and-community-services\\\/\"],\"description\":\"205 Amelia Street, Suite 100 Cornwall, ON K6H 3P3\",\"email\":\"infoeasterncounties@carefor.ca\",\"telephone\":\"613-932-3451\"}]}<\/script>\n<!-- \/ Yoast SEO Premium plugin. -->","yoast_head_json":{"title":"Jason Samson - Carefor","robots":{"index":"index","follow":"follow","max-snippet":"max-snippet:-1","max-image-preview":"max-image-preview:large","max-video-preview":"max-video-preview:-1"},"canonical":"https:\/\/carefor.ca\/fr\/team-members\/jason-samson\/","og_locale":"fr_FR","og_type":"article","og_title":"Jason Samson","og_description":"Jason Samson est le directeur des services communautaires et des soins palliatifs de Carefor.\u00a0\u00a0 Il s\u2019est joint \u00e0 Carefor en qualit\u00e9 de gestionnaire de la Maison de soins palliatifs de [&hellip;]","og_url":"https:\/\/carefor.ca\/fr\/team-members\/jason-samson\/","og_site_name":"Carefor","article_publisher":"https:\/\/www.facebook.com\/CareforHCS","article_modified_time":"2023-11-20T08:22:22+00:00","og_image":[{"width":2560,"height":1708,"url":"https:\/\/carefor.ca\/wp-content\/uploads\/2023\/06\/carefor0137-final-scaled.jpg","type":"image\/jpeg"}],"twitter_card":"summary_large_image","twitter_site":"@CareforHCS","twitter_misc":{"Dur\u00e9e de lecture estim\u00e9e":"1 minute"},"schema":{"@context":"https:\/\/schema.org","@graph":[{"@type":"WebPage","@id":"https:\/\/carefor.ca\/fr\/team-members\/jason-samson\/","url":"https:\/\/carefor.ca\/fr\/team-members\/jason-samson\/","name":"Jason Samson - Carefor","isPartOf":{"@id":"https:\/\/carefor.ca\/fr\/#website"},"primaryImageOfPage":{"@id":"https:\/\/carefor.ca\/fr\/team-members\/jason-samson\/#primaryimage"},"image":{"@id":"https:\/\/carefor.ca\/fr\/team-members\/jason-samson\/#primaryimage"},"thumbnailUrl":"https:\/\/carefor.ca\/wp-content\/uploads\/2023\/06\/carefor0137-final-scaled.jpg","datePublished":"2023-06-22T20:20:01+00:00","dateModified":"2023-11-20T08:22:22+00:00","breadcrumb":{"@id":"https:\/\/carefor.ca\/fr\/team-members\/jason-samson\/#breadcrumb"},"inLanguage":"fr-FR","potentialAction":[{"@type":"ReadAction","target":["https:\/\/carefor.ca\/fr\/team-members\/jason-samson\/"]}]},{"@type":"ImageObject","inLanguage":"fr-FR","@id":"https:\/\/carefor.ca\/fr\/team-members\/jason-samson\/#primaryimage","url":"https:\/\/carefor.ca\/wp-content\/uploads\/2023\/06\/carefor0137-final-scaled.jpg","contentUrl":"https:\/\/carefor.ca\/wp-content\/uploads\/2023\/06\/carefor0137-final-scaled.jpg","width":2560,"height":1708,"caption":"Carefor Health and Community Services staff portraits in Ottawa March 8, 2022. Photograph by Blair Gable"},{"@type":"BreadcrumbList","@id":"https:\/\/carefor.ca\/fr\/team-members\/jason-samson\/#breadcrumb","itemListElement":[{"@type":"ListItem","position":1,"name":"Home","item":"https:\/\/carefor.ca\/fr\/"},{"@type":"ListItem","position":2,"name":"Team Members","item":"https:\/\/carefor.ca\/fr\/team-members\/"},{"@type":"ListItem","position":3,"name":"Jason Samson"}]},{"@type":"WebSite","@id":"https:\/\/carefor.ca\/fr\/#website","url":"https:\/\/carefor.ca\/fr\/","name":"Carefor","description":"High Quality Homecare","publisher":{"@id":"https:\/\/carefor.ca\/fr\/#organization"},"potentialAction":[{"@type":"SearchAction","target":{"@type":"EntryPoint","urlTemplate":"https:\/\/carefor.ca\/fr\/?s={search_term_string}"},"query-input":{"@type":"PropertyValueSpecification","valueRequired":true,"valueName":"search_term_string"}}],"inLanguage":"fr-FR"},{"@type":"Organization","@id":"https:\/\/carefor.ca\/fr\/#organization","name":"Carefor Health and Community Services","url":"https:\/\/carefor.ca\/fr\/","logo":{"@type":"ImageObject","inLanguage":"fr-FR","@id":"https:\/\/carefor.ca\/fr\/#\/schema\/logo\/image\/","url":"","contentUrl":"","caption":"Carefor Health and Community Services"},"image":{"@id":"https:\/\/carefor.ca\/fr\/#\/schema\/logo\/image\/"},"sameAs":["https:\/\/www.facebook.com\/CareforHCS","https:\/\/x.com\/CareforHCS","https:\/\/www.linkedin.com\/company\/carefor-health-and-community-services\/"],"description":"205 Amelia Street, Suite 100 Cornwall, ON K6H 3P3","email":"infoeasterncounties@carefor.ca","telephone":"613-932-3451"}]}},"position":"Directeur, Services communautaires et soins palliatifs","_links":{"self":[{"href":"https:\/\/carefor.ca\/fr\/wp-json\/wp\/v2\/team-member\/5799","targetHints":{"allow":["GET"]}}],"collection":[{"href":"https:\/\/carefor.ca\/fr\/wp-json\/wp\/v2\/team-member"}],"about":[{"href":"https:\/\/carefor.ca\/fr\/wp-json\/wp\/v2\/types\/team-member"}],"author":[{"embeddable":true,"href":"https:\/\/carefor.ca\/fr\/wp-json\/wp\/v2\/users\/1"}],"wp:featuredmedia":[{"embeddable":true,"href":"https:\/\/carefor.ca\/fr\/wp-json\/wp\/v2\/media\/4747"}],"wp:attachment":[{"href":"https:\/\/carefor.ca\/fr\/wp-json\/wp\/v2\/media?parent=5799"}],"curies":[{"name":"wp","href":"https:\/\/api.w.org\/{rel}","templated":true}]}}

<p><strong>Jason Samson</strong> est le directeur des services communautaires et des soins palliatifs de Carefor.  </p>



<p>Il s’est joint à Carefor en qualité de gestionnaire de la Maison de soins palliatifs de Cornwall en juillet 2013 pour soutenir le personnel infirmier, paramédical et médical, ainsi que l’équipe de bénévoles. Il a encadré avec succès le personnel et les bénévoles lors de deux processus d’agrément, en plus d’étendre l’offre de services de proximité de la Maison de soins palliatifs. En outre, il a mis au point un système de triage et de recommandation doté à la fois d’un outil de gestion de cas et d’un outil d’intervention rapide en soins infirmiers.</p>



<p>Jason a obtenu son baccalauréat avec distinction en sciences infirmières à l’Université d’Ottawa. Il détient également un certificat en gestion de projets et une ceinture noire du programme LEAN et Sigma Six. Il a commencé sa carrière en oncologie, en hématologie et en soins palliatifs à l’Hôpital d’Ottawa, ainsi qu’auprès d’organismes communautaires à titre de consultant en soins palliatifs. Au cours des 16 dernières années, Jason a œuvré dans l’administration des soins de santé dans les secteurs hospitalier et communautaire.</p>

<p>Jason Samson est le directeur des services communautaires et des soins palliatifs de Carefor.   Il s’est joint à Carefor en qualité de gestionnaire de la Maison de soins palliatifs de [&hellip;]</p>

<!-- This site is optimized with the Yoast SEO Premium plugin v24.9 (Yoast SEO v27.5) - https://yoast.com/product/yoast-seo-premium-wordpress/ -->
<title>Jason Samson - Carefor</title>
<meta name="robots" content="index, follow, max-snippet:-1, max-image-preview:large, max-video-preview:-1" />
<link rel="canonical" href="https://carefor.ca/fr/team-members/jason-samson/" />
<meta property="og:locale" content="fr_FR" />
<meta property="og:type" content="article" />
<meta property="og:title" content="Jason Samson" />
<meta property="og:description" content="Jason Samson est le directeur des services communautaires et des soins palliatifs de Carefor.   Il s’est joint à Carefor en qualité de gestionnaire de la Maison de soins palliatifs de [&hellip;]" />
<meta property="og:url" content="https://carefor.ca/fr/team-members/jason-samson/" />
<meta property="og:site_name" content="Carefor" />
<meta property="article:publisher" content="https://www.facebook.com/CareforHCS" />
<meta property="article:modified_time" content="2023-11-20T08:22:22+00:00" />
<meta property="og:image" content="https://carefor.ca/wp-content/uploads/2023/06/carefor0137-final-scaled.jpg" />
	<meta property="og:image:width" content="2560" />
	<meta property="og:image:height" content="1708" />
	<meta property="og:image:type" content="image/jpeg" />
<meta name="twitter:card" content="summary_large_image" />
<meta name="twitter:site" content="@CareforHCS" />
<meta name="twitter:label1" content="Durée de lecture estimée" />
	<meta name="twitter:data1" content="1 minute" />
<script type="application/ld+json" class="yoast-schema-graph">{"@context":"https:\/\/schema.org","@graph":[{"@type":"WebPage","@id":"https:\/\/carefor.ca\/fr\/team-members\/jason-samson\/","url":"https:\/\/carefor.ca\/fr\/team-members\/jason-samson\/","name":"Jason Samson - Carefor","isPartOf":{"@id":"https:\/\/carefor.ca\/fr\/#website"},"primaryImageOfPage":{"@id":"https:\/\/carefor.ca\/fr\/team-members\/jason-samson\/#primaryimage"},"image":{"@id":"https:\/\/carefor.ca\/fr\/team-members\/jason-samson\/#primaryimage"},"thumbnailUrl":"https:\/\/carefor.ca\/wp-content\/uploads\/2023\/06\/carefor0137-final-scaled.jpg","datePublished":"2023-06-22T20:20:01+00:00","dateModified":"2023-11-20T08:22:22+00:00","breadcrumb":{"@id":"https:\/\/carefor.ca\/fr\/team-members\/jason-samson\/#breadcrumb"},"inLanguage":"fr-FR","potentialAction":[{"@type":"ReadAction","target":["https:\/\/carefor.ca\/fr\/team-members\/jason-samson\/"]}]},{"@type":"ImageObject","inLanguage":"fr-FR","@id":"https:\/\/carefor.ca\/fr\/team-members\/jason-samson\/#primaryimage","url":"https:\/\/carefor.ca\/wp-content\/uploads\/2023\/06\/carefor0137-final-scaled.jpg","contentUrl":"https:\/\/carefor.ca\/wp-content\/uploads\/2023\/06\/carefor0137-final-scaled.jpg","width":2560,"height":1708,"caption":"Carefor Health and Community Services staff portraits in Ottawa March 8, 2022. Photograph by Blair Gable"},{"@type":"BreadcrumbList","@id":"https:\/\/carefor.ca\/fr\/team-members\/jason-samson\/#breadcrumb","itemListElement":[{"@type":"ListItem","position":1,"name":"Home","item":"https:\/\/carefor.ca\/fr\/"},{"@type":"ListItem","position":2,"name":"Team Members","item":"https:\/\/carefor.ca\/fr\/team-members\/"},{"@type":"ListItem","position":3,"name":"Jason Samson"}]},{"@type":"WebSite","@id":"https:\/\/carefor.ca\/fr\/#website","url":"https:\/\/carefor.ca\/fr\/","name":"Carefor","description":"High Quality Homecare","publisher":{"@id":"https:\/\/carefor.ca\/fr\/#organization"},"potentialAction":[{"@type":"SearchAction","target":{"@type":"EntryPoint","urlTemplate":"https:\/\/carefor.ca\/fr\/?s={search_term_string}"},"query-input":{"@type":"PropertyValueSpecification","valueRequired":true,"valueName":"search_term_string"}}],"inLanguage":"fr-FR"},{"@type":"Organization","@id":"https:\/\/carefor.ca\/fr\/#organization","name":"Carefor Health and Community Services","url":"https:\/\/carefor.ca\/fr\/","logo":{"@type":"ImageObject","inLanguage":"fr-FR","@id":"https:\/\/carefor.ca\/fr\/#\/schema\/logo\/image\/","url":"","contentUrl":"","caption":"Carefor Health and Community Services"},"image":{"@id":"https:\/\/carefor.ca\/fr\/#\/schema\/logo\/image\/"},"sameAs":["https:\/\/www.facebook.com\/CareforHCS","https:\/\/x.com\/CareforHCS","https:\/\/www.linkedin.com\/company\/carefor-health-and-community-services\/"],"description":"205 Amelia Street, Suite 100 Cornwall, ON K6H 3P3","email":"infoeasterncounties@carefor.ca","telephone":"613-932-3451"}]}</script>
<!-- / Yoast SEO Premium plugin. -->

Jason Samson est le directeur des services communautaires et des soins palliatifs de Carefor.   Il s’est joint à Carefor en qualité de gestionnaire de la Maison de soins palliatifs de [&hellip;]
