{"id":5791,"date":"2023-06-22T16:15:44","date_gmt":"2023-06-22T20:15:44","guid":{"rendered":"https:\/\/carefor.ca\/team-members\/bill-chwedchuk\/"},"modified":"2023-11-20T03:07:12","modified_gmt":"2023-11-20T08:07:12","slug":"bill-chwedchuk","status":"publish","type":"team-member","link":"https:\/\/carefor.ca\/fr\/team-members\/bill-chwedchuk\/","title":{"rendered":"Bill Chwedchuk"},"content":{"rendered":"\n<p><strong>Bill Chwedchuk<\/strong> est le chef de l\u2019exploitation et des finances et le vice-pr\u00e9sident des Services g\u00e9n\u00e9raux de Carefor.<\/p>\n\n\n\n<p>Membre de l\u2019\u00e9quipe de direction de Carefor depuis 2013, Bill assure la direction strat\u00e9gique et op\u00e9rationnelle des finances, de l\u2019administration, des technologies de l\u2019information et des installations. Il a connu du succ\u00e8s commercial et organisationnel gr\u00e2ce \u00e0 l\u2019approche de gestion \u00ab Lean \u00bb, ce qui lui a permis d\u2019acqu\u00e9rir une solide compr\u00e9hension des exigences des parties prenantes, d\u2019opter pour des solutions novatrices et d\u2019embaucher du personnel \u00e0 tous les niveaux dans le cadre d\u2019initiatives de transformations organisationnelles et d\u2019am\u00e9lioration des proc\u00e9dures. Il se distingue \u00e9galement par sa passion pour le leadership incarn\u00e9 et sa volont\u00e9 de mettre en \u0153uvre des solutions efficaces pour assurer la croissance et la p\u00e9rennit\u00e9 de l\u2019organisation.<\/p>\n\n\n\n<p>Bill a plus de 25 ans d\u2019exp\u00e9rience en direction financi\u00e8re, op\u00e9rationnelle et strat\u00e9gique dans un large \u00e9ventail de secteurs, y compris dans les services de soins de sant\u00e9, la technologie et la fabrication. Titulaire d\u2019un baccalaur\u00e9at sp\u00e9cialis\u00e9 en commerce de l\u2019Universit\u00e9 Queen\u2019s, il d\u00e9tient \u00e9galement le titre d\u2019expert-comptable agr\u00e9\u00e9 (CPA) en Ontario.<\/p>\n\n\n\n<p>Dans ses temps libres, il aime voyager, skier et passer du temps avec sa famille dans leur chalet dans les collines de la Gatineau.<\/p>\n","protected":false},"excerpt":{"rendered":"<p>Bill Chwedchuk est le chef de l\u2019exploitation et des finances et le vice-pr\u00e9sident des Services g\u00e9n\u00e9raux de Carefor. Membre de l\u2019\u00e9quipe de direction de Carefor depuis 2013, Bill assure la [&hellip;]<\/p>\n","protected":false},"author":1,"featured_media":4746,"menu_order":0,"template":"","class_list":["post-5791","team-member","type-team-member","status-publish","has-post-thumbnail","hentry"],"acf":[],"yoast_head":"<!-- This site is optimized with the Yoast SEO Premium plugin v24.9 (Yoast SEO v27.5) - https:\/\/yoast.com\/product\/yoast-seo-premium-wordpress\/ -->\n<title>Bill Chwedchuk - Carefor<\/title>\n<meta name=\"robots\" content=\"index, follow, max-snippet:-1, max-image-preview:large, max-video-preview:-1\" \/>\n<link rel=\"canonical\" href=\"https:\/\/carefor.ca\/fr\/team-members\/bill-chwedchuk\/\" \/>\n<meta property=\"og:locale\" content=\"fr_FR\" \/>\n<meta property=\"og:type\" content=\"article\" \/>\n<meta property=\"og:title\" content=\"Bill Chwedchuk\" \/>\n<meta property=\"og:description\" content=\"Bill Chwedchuk est le chef de l\u2019exploitation et des finances et le vice-pr\u00e9sident des Services g\u00e9n\u00e9raux de Carefor. Membre de l\u2019\u00e9quipe de direction de Carefor depuis 2013, Bill assure la [&hellip;]\" \/>\n<meta property=\"og:url\" content=\"https:\/\/carefor.ca\/fr\/team-members\/bill-chwedchuk\/\" \/>\n<meta property=\"og:site_name\" content=\"Carefor\" \/>\n<meta property=\"article:publisher\" content=\"https:\/\/www.facebook.com\/CareforHCS\" \/>\n<meta property=\"article:modified_time\" content=\"2023-11-20T08:07:12+00:00\" \/>\n<meta property=\"og:image\" content=\"https:\/\/carefor.ca\/wp-content\/uploads\/2023\/06\/carefor-portraits0280-final-scaled.jpg\" \/>\n\t<meta property=\"og:image:width\" content=\"2560\" \/>\n\t<meta property=\"og:image:height\" content=\"1708\" \/>\n\t<meta property=\"og:image:type\" content=\"image\/jpeg\" \/>\n<meta name=\"twitter:card\" content=\"summary_large_image\" \/>\n<meta name=\"twitter:site\" content=\"@CareforHCS\" \/>\n<meta name=\"twitter:label1\" content=\"Dur\u00e9e de lecture estim\u00e9e\" \/>\n\t<meta name=\"twitter:data1\" content=\"1 minute\" \/>\n<script type=\"application\/ld+json\" class=\"yoast-schema-graph\">{\"@context\":\"https:\\\/\\\/schema.org\",\"@graph\":[{\"@type\":\"WebPage\",\"@id\":\"https:\\\/\\\/carefor.ca\\\/fr\\\/team-members\\\/bill-chwedchuk\\\/\",\"url\":\"https:\\\/\\\/carefor.ca\\\/fr\\\/team-members\\\/bill-chwedchuk\\\/\",\"name\":\"Bill Chwedchuk - Carefor\",\"isPartOf\":{\"@id\":\"https:\\\/\\\/carefor.ca\\\/fr\\\/#website\"},\"primaryImageOfPage\":{\"@id\":\"https:\\\/\\\/carefor.ca\\\/fr\\\/team-members\\\/bill-chwedchuk\\\/#primaryimage\"},\"image\":{\"@id\":\"https:\\\/\\\/carefor.ca\\\/fr\\\/team-members\\\/bill-chwedchuk\\\/#primaryimage\"},\"thumbnailUrl\":\"https:\\\/\\\/carefor.ca\\\/wp-content\\\/uploads\\\/2023\\\/06\\\/carefor-portraits0280-final-scaled.jpg\",\"datePublished\":\"2023-06-22T20:15:44+00:00\",\"dateModified\":\"2023-11-20T08:07:12+00:00\",\"breadcrumb\":{\"@id\":\"https:\\\/\\\/carefor.ca\\\/fr\\\/team-members\\\/bill-chwedchuk\\\/#breadcrumb\"},\"inLanguage\":\"fr-FR\",\"potentialAction\":[{\"@type\":\"ReadAction\",\"target\":[\"https:\\\/\\\/carefor.ca\\\/fr\\\/team-members\\\/bill-chwedchuk\\\/\"]}]},{\"@type\":\"ImageObject\",\"inLanguage\":\"fr-FR\",\"@id\":\"https:\\\/\\\/carefor.ca\\\/fr\\\/team-members\\\/bill-chwedchuk\\\/#primaryimage\",\"url\":\"https:\\\/\\\/carefor.ca\\\/wp-content\\\/uploads\\\/2023\\\/06\\\/carefor-portraits0280-final-scaled.jpg\",\"contentUrl\":\"https:\\\/\\\/carefor.ca\\\/wp-content\\\/uploads\\\/2023\\\/06\\\/carefor-portraits0280-final-scaled.jpg\",\"width\":2560,\"height\":1708,\"caption\":\"Carefor Health and Community Services staff portraits in Ottawa February 23, 2022. Photograph by Blair Gable\"},{\"@type\":\"BreadcrumbList\",\"@id\":\"https:\\\/\\\/carefor.ca\\\/fr\\\/team-members\\\/bill-chwedchuk\\\/#breadcrumb\",\"itemListElement\":[{\"@type\":\"ListItem\",\"position\":1,\"name\":\"Home\",\"item\":\"https:\\\/\\\/carefor.ca\\\/fr\\\/\"},{\"@type\":\"ListItem\",\"position\":2,\"name\":\"Team Members\",\"item\":\"https:\\\/\\\/carefor.ca\\\/fr\\\/team-members\\\/\"},{\"@type\":\"ListItem\",\"position\":3,\"name\":\"Bill Chwedchuk\"}]},{\"@type\":\"WebSite\",\"@id\":\"https:\\\/\\\/carefor.ca\\\/fr\\\/#website\",\"url\":\"https:\\\/\\\/carefor.ca\\\/fr\\\/\",\"name\":\"Carefor\",\"description\":\"High Quality Homecare\",\"publisher\":{\"@id\":\"https:\\\/\\\/carefor.ca\\\/fr\\\/#organization\"},\"potentialAction\":[{\"@type\":\"SearchAction\",\"target\":{\"@type\":\"EntryPoint\",\"urlTemplate\":\"https:\\\/\\\/carefor.ca\\\/fr\\\/?s={search_term_string}\"},\"query-input\":{\"@type\":\"PropertyValueSpecification\",\"valueRequired\":true,\"valueName\":\"search_term_string\"}}],\"inLanguage\":\"fr-FR\"},{\"@type\":\"Organization\",\"@id\":\"https:\\\/\\\/carefor.ca\\\/fr\\\/#organization\",\"name\":\"Carefor Health and Community Services\",\"url\":\"https:\\\/\\\/carefor.ca\\\/fr\\\/\",\"logo\":{\"@type\":\"ImageObject\",\"inLanguage\":\"fr-FR\",\"@id\":\"https:\\\/\\\/carefor.ca\\\/fr\\\/#\\\/schema\\\/logo\\\/image\\\/\",\"url\":\"\",\"contentUrl\":\"\",\"caption\":\"Carefor Health and Community Services\"},\"image\":{\"@id\":\"https:\\\/\\\/carefor.ca\\\/fr\\\/#\\\/schema\\\/logo\\\/image\\\/\"},\"sameAs\":[\"https:\\\/\\\/www.facebook.com\\\/CareforHCS\",\"https:\\\/\\\/x.com\\\/CareforHCS\",\"https:\\\/\\\/www.linkedin.com\\\/company\\\/carefor-health-and-community-services\\\/\"],\"description\":\"205 Amelia Street, Suite 100 Cornwall, ON K6H 3P3\",\"email\":\"infoeasterncounties@carefor.ca\",\"telephone\":\"613-932-3451\"}]}<\/script>\n<!-- \/ Yoast SEO Premium plugin. -->","yoast_head_json":{"title":"Bill Chwedchuk - Carefor","robots":{"index":"index","follow":"follow","max-snippet":"max-snippet:-1","max-image-preview":"max-image-preview:large","max-video-preview":"max-video-preview:-1"},"canonical":"https:\/\/carefor.ca\/fr\/team-members\/bill-chwedchuk\/","og_locale":"fr_FR","og_type":"article","og_title":"Bill Chwedchuk","og_description":"Bill Chwedchuk est le chef de l\u2019exploitation et des finances et le vice-pr\u00e9sident des Services g\u00e9n\u00e9raux de Carefor. Membre de l\u2019\u00e9quipe de direction de Carefor depuis 2013, Bill assure la [&hellip;]","og_url":"https:\/\/carefor.ca\/fr\/team-members\/bill-chwedchuk\/","og_site_name":"Carefor","article_publisher":"https:\/\/www.facebook.com\/CareforHCS","article_modified_time":"2023-11-20T08:07:12+00:00","og_image":[{"width":2560,"height":1708,"url":"https:\/\/carefor.ca\/wp-content\/uploads\/2023\/06\/carefor-portraits0280-final-scaled.jpg","type":"image\/jpeg"}],"twitter_card":"summary_large_image","twitter_site":"@CareforHCS","twitter_misc":{"Dur\u00e9e de lecture estim\u00e9e":"1 minute"},"schema":{"@context":"https:\/\/schema.org","@graph":[{"@type":"WebPage","@id":"https:\/\/carefor.ca\/fr\/team-members\/bill-chwedchuk\/","url":"https:\/\/carefor.ca\/fr\/team-members\/bill-chwedchuk\/","name":"Bill Chwedchuk - Carefor","isPartOf":{"@id":"https:\/\/carefor.ca\/fr\/#website"},"primaryImageOfPage":{"@id":"https:\/\/carefor.ca\/fr\/team-members\/bill-chwedchuk\/#primaryimage"},"image":{"@id":"https:\/\/carefor.ca\/fr\/team-members\/bill-chwedchuk\/#primaryimage"},"thumbnailUrl":"https:\/\/carefor.ca\/wp-content\/uploads\/2023\/06\/carefor-portraits0280-final-scaled.jpg","datePublished":"2023-06-22T20:15:44+00:00","dateModified":"2023-11-20T08:07:12+00:00","breadcrumb":{"@id":"https:\/\/carefor.ca\/fr\/team-members\/bill-chwedchuk\/#breadcrumb"},"inLanguage":"fr-FR","potentialAction":[{"@type":"ReadAction","target":["https:\/\/carefor.ca\/fr\/team-members\/bill-chwedchuk\/"]}]},{"@type":"ImageObject","inLanguage":"fr-FR","@id":"https:\/\/carefor.ca\/fr\/team-members\/bill-chwedchuk\/#primaryimage","url":"https:\/\/carefor.ca\/wp-content\/uploads\/2023\/06\/carefor-portraits0280-final-scaled.jpg","contentUrl":"https:\/\/carefor.ca\/wp-content\/uploads\/2023\/06\/carefor-portraits0280-final-scaled.jpg","width":2560,"height":1708,"caption":"Carefor Health and Community Services staff portraits in Ottawa February 23, 2022. Photograph by Blair Gable"},{"@type":"BreadcrumbList","@id":"https:\/\/carefor.ca\/fr\/team-members\/bill-chwedchuk\/#breadcrumb","itemListElement":[{"@type":"ListItem","position":1,"name":"Home","item":"https:\/\/carefor.ca\/fr\/"},{"@type":"ListItem","position":2,"name":"Team Members","item":"https:\/\/carefor.ca\/fr\/team-members\/"},{"@type":"ListItem","position":3,"name":"Bill Chwedchuk"}]},{"@type":"WebSite","@id":"https:\/\/carefor.ca\/fr\/#website","url":"https:\/\/carefor.ca\/fr\/","name":"Carefor","description":"High Quality Homecare","publisher":{"@id":"https:\/\/carefor.ca\/fr\/#organization"},"potentialAction":[{"@type":"SearchAction","target":{"@type":"EntryPoint","urlTemplate":"https:\/\/carefor.ca\/fr\/?s={search_term_string}"},"query-input":{"@type":"PropertyValueSpecification","valueRequired":true,"valueName":"search_term_string"}}],"inLanguage":"fr-FR"},{"@type":"Organization","@id":"https:\/\/carefor.ca\/fr\/#organization","name":"Carefor Health and Community Services","url":"https:\/\/carefor.ca\/fr\/","logo":{"@type":"ImageObject","inLanguage":"fr-FR","@id":"https:\/\/carefor.ca\/fr\/#\/schema\/logo\/image\/","url":"","contentUrl":"","caption":"Carefor Health and Community Services"},"image":{"@id":"https:\/\/carefor.ca\/fr\/#\/schema\/logo\/image\/"},"sameAs":["https:\/\/www.facebook.com\/CareforHCS","https:\/\/x.com\/CareforHCS","https:\/\/www.linkedin.com\/company\/carefor-health-and-community-services\/"],"description":"205 Amelia Street, Suite 100 Cornwall, ON K6H 3P3","email":"infoeasterncounties@carefor.ca","telephone":"613-932-3451"}]}},"position":"Chef de l\u2019exploitation et des finances et vice-pr\u00e9sident, Services g\u00e9n\u00e9raux","_links":{"self":[{"href":"https:\/\/carefor.ca\/fr\/wp-json\/wp\/v2\/team-member\/5791","targetHints":{"allow":["GET"]}}],"collection":[{"href":"https:\/\/carefor.ca\/fr\/wp-json\/wp\/v2\/team-member"}],"about":[{"href":"https:\/\/carefor.ca\/fr\/wp-json\/wp\/v2\/types\/team-member"}],"author":[{"embeddable":true,"href":"https:\/\/carefor.ca\/fr\/wp-json\/wp\/v2\/users\/1"}],"wp:featuredmedia":[{"embeddable":true,"href":"https:\/\/carefor.ca\/fr\/wp-json\/wp\/v2\/media\/4746"}],"wp:attachment":[{"href":"https:\/\/carefor.ca\/fr\/wp-json\/wp\/v2\/media?parent=5791"}],"curies":[{"name":"wp","href":"https:\/\/api.w.org\/{rel}","templated":true}]}}

<p><strong>Bill Chwedchuk</strong> est le chef de l’exploitation et des finances et le vice-président des Services généraux de Carefor.</p>



<p>Membre de l’équipe de direction de Carefor depuis 2013, Bill assure la direction stratégique et opérationnelle des finances, de l’administration, des technologies de l’information et des installations. Il a connu du succès commercial et organisationnel grâce à l’approche de gestion « Lean », ce qui lui a permis d’acquérir une solide compréhension des exigences des parties prenantes, d’opter pour des solutions novatrices et d’embaucher du personnel à tous les niveaux dans le cadre d’initiatives de transformations organisationnelles et d’amélioration des procédures. Il se distingue également par sa passion pour le leadership incarné et sa volonté de mettre en œuvre des solutions efficaces pour assurer la croissance et la pérennité de l’organisation.</p>



<p>Bill a plus de 25 ans d’expérience en direction financière, opérationnelle et stratégique dans un large éventail de secteurs, y compris dans les services de soins de santé, la technologie et la fabrication. Titulaire d’un baccalauréat spécialisé en commerce de l’Université Queen’s, il détient également le titre d’expert-comptable agréé (CPA) en Ontario.</p>



<p>Dans ses temps libres, il aime voyager, skier et passer du temps avec sa famille dans leur chalet dans les collines de la Gatineau.</p>

<p>Bill Chwedchuk est le chef de l’exploitation et des finances et le vice-président des Services généraux de Carefor. Membre de l’équipe de direction de Carefor depuis 2013, Bill assure la [&hellip;]</p>

<!-- This site is optimized with the Yoast SEO Premium plugin v24.9 (Yoast SEO v27.5) - https://yoast.com/product/yoast-seo-premium-wordpress/ -->
<title>Bill Chwedchuk - Carefor</title>
<meta name="robots" content="index, follow, max-snippet:-1, max-image-preview:large, max-video-preview:-1" />
<link rel="canonical" href="https://carefor.ca/fr/team-members/bill-chwedchuk/" />
<meta property="og:locale" content="fr_FR" />
<meta property="og:type" content="article" />
<meta property="og:title" content="Bill Chwedchuk" />
<meta property="og:description" content="Bill Chwedchuk est le chef de l’exploitation et des finances et le vice-président des Services généraux de Carefor. Membre de l’équipe de direction de Carefor depuis 2013, Bill assure la [&hellip;]" />
<meta property="og:url" content="https://carefor.ca/fr/team-members/bill-chwedchuk/" />
<meta property="og:site_name" content="Carefor" />
<meta property="article:publisher" content="https://www.facebook.com/CareforHCS" />
<meta property="article:modified_time" content="2023-11-20T08:07:12+00:00" />
<meta property="og:image" content="https://carefor.ca/wp-content/uploads/2023/06/carefor-portraits0280-final-scaled.jpg" />
	<meta property="og:image:width" content="2560" />
	<meta property="og:image:height" content="1708" />
	<meta property="og:image:type" content="image/jpeg" />
<meta name="twitter:card" content="summary_large_image" />
<meta name="twitter:site" content="@CareforHCS" />
<meta name="twitter:label1" content="Durée de lecture estimée" />
	<meta name="twitter:data1" content="1 minute" />
<script type="application/ld+json" class="yoast-schema-graph">{"@context":"https:\/\/schema.org","@graph":[{"@type":"WebPage","@id":"https:\/\/carefor.ca\/fr\/team-members\/bill-chwedchuk\/","url":"https:\/\/carefor.ca\/fr\/team-members\/bill-chwedchuk\/","name":"Bill Chwedchuk - Carefor","isPartOf":{"@id":"https:\/\/carefor.ca\/fr\/#website"},"primaryImageOfPage":{"@id":"https:\/\/carefor.ca\/fr\/team-members\/bill-chwedchuk\/#primaryimage"},"image":{"@id":"https:\/\/carefor.ca\/fr\/team-members\/bill-chwedchuk\/#primaryimage"},"thumbnailUrl":"https:\/\/carefor.ca\/wp-content\/uploads\/2023\/06\/carefor-portraits0280-final-scaled.jpg","datePublished":"2023-06-22T20:15:44+00:00","dateModified":"2023-11-20T08:07:12+00:00","breadcrumb":{"@id":"https:\/\/carefor.ca\/fr\/team-members\/bill-chwedchuk\/#breadcrumb"},"inLanguage":"fr-FR","potentialAction":[{"@type":"ReadAction","target":["https:\/\/carefor.ca\/fr\/team-members\/bill-chwedchuk\/"]}]},{"@type":"ImageObject","inLanguage":"fr-FR","@id":"https:\/\/carefor.ca\/fr\/team-members\/bill-chwedchuk\/#primaryimage","url":"https:\/\/carefor.ca\/wp-content\/uploads\/2023\/06\/carefor-portraits0280-final-scaled.jpg","contentUrl":"https:\/\/carefor.ca\/wp-content\/uploads\/2023\/06\/carefor-portraits0280-final-scaled.jpg","width":2560,"height":1708,"caption":"Carefor Health and Community Services staff portraits in Ottawa February 23, 2022. Photograph by Blair Gable"},{"@type":"BreadcrumbList","@id":"https:\/\/carefor.ca\/fr\/team-members\/bill-chwedchuk\/#breadcrumb","itemListElement":[{"@type":"ListItem","position":1,"name":"Home","item":"https:\/\/carefor.ca\/fr\/"},{"@type":"ListItem","position":2,"name":"Team Members","item":"https:\/\/carefor.ca\/fr\/team-members\/"},{"@type":"ListItem","position":3,"name":"Bill Chwedchuk"}]},{"@type":"WebSite","@id":"https:\/\/carefor.ca\/fr\/#website","url":"https:\/\/carefor.ca\/fr\/","name":"Carefor","description":"High Quality Homecare","publisher":{"@id":"https:\/\/carefor.ca\/fr\/#organization"},"potentialAction":[{"@type":"SearchAction","target":{"@type":"EntryPoint","urlTemplate":"https:\/\/carefor.ca\/fr\/?s={search_term_string}"},"query-input":{"@type":"PropertyValueSpecification","valueRequired":true,"valueName":"search_term_string"}}],"inLanguage":"fr-FR"},{"@type":"Organization","@id":"https:\/\/carefor.ca\/fr\/#organization","name":"Carefor Health and Community Services","url":"https:\/\/carefor.ca\/fr\/","logo":{"@type":"ImageObject","inLanguage":"fr-FR","@id":"https:\/\/carefor.ca\/fr\/#\/schema\/logo\/image\/","url":"","contentUrl":"","caption":"Carefor Health and Community Services"},"image":{"@id":"https:\/\/carefor.ca\/fr\/#\/schema\/logo\/image\/"},"sameAs":["https:\/\/www.facebook.com\/CareforHCS","https:\/\/x.com\/CareforHCS","https:\/\/www.linkedin.com\/company\/carefor-health-and-community-services\/"],"description":"205 Amelia Street, Suite 100 Cornwall, ON K6H 3P3","email":"infoeasterncounties@carefor.ca","telephone":"613-932-3451"}]}</script>
<!-- / Yoast SEO Premium plugin. -->

Bill Chwedchuk est le chef de l’exploitation et des finances et le vice-président des Services généraux de Carefor. Membre de l’équipe de direction de Carefor depuis 2013, Bill assure la [&hellip;]

Chef de l’exploitation et des finances et vice-président, Services généraux
